2104330 + 3?
202104333
In base 13, what is -b + -5c3c3?
-5c401
In base 11, what is -3 + 2251?
2249
In base 13, what is b137 - 12?
b125
In base 16, what is -1b + 630?
615
In base 5, what is 202 + -34040?
-33333
In base 10, what is -39760 + 5?
-39755
In base 14, what is -1065 + -16?
-107b
In base 13, what is -122 + -339?
-45b
In base 12, what is 56b + 17b6?
2165
In base 7, what is 141 - -10262?
10433
In base 10, what is -19 + 195?
176
In base 7, what is 26 + -11614?
-11555
In base 9, what is 4 + -443087?
-443083
In base 13, what is -c + 1243?
1234
In base 6, what is 5 + 13244113?
13244122
In base 11, what is 369446 + -3?
369443
In base 3, what is -200102 + -20110?
-220212
In base 4, what is -2 - -312232331?
312232323
In base 7, what is -2040 - 141?
-2211
In base 11, what is -18823 + -5?
-18828
In base 2, what is -11111000101100 + -10010?
-11111000111110
In base 15, what is -37e53 + -b?
-37e5e
In base 11, what is 4212a0 + 0?
4212a0
In base 11, what is 1a769a + -4?
1a7696
In base 5, what is -31 + 131223?
131142
In base 8, what is -274103 + 0?
-274103
In base 16, what is cc - -7?
d3
In base 2, what is -10111100100 - -100?
-10111100000
In base 10, what is -2 - 23851?
-23853
In base 3, what is 2211110 - 12?
2211021
In base 13, what is 3667 - 3?
3664
In base 2, what is -10101000110011000 - -11?
-10101000110010101
In base 10, what is 11122 + 1?
11123
In base 8, what is -4 - -1253051?
1253045
In base 12, what is -152 - 21?
-173
In base 9, what is -1354 + 170?
-1174
In base 9, what is -170 - 13154?
-13334
In base 10, what is 2314 + -28?
2286
In base 2, what is 1001010000000101 + 100?
1001010000001001
In base 2, what is 1001111110011 - 1001?
1001111101010
In base 12, what is -4 - -19581?
19579
In base 15, what is -10c70 + 2?
-10c6d
In base 2, what is 11101011010001 + 100?
11101011010101
In base 2, what is -1000011100 + 110000001000?
100111101100
In base 13, what is -14a9b70 + -1?
-14a9b71
In base 12, what is 69317 + 2?
69319
In base 5, what is 0 - -30213?
30213
In base 16, what is 1f0e + d?
1f1b
In base 10, what is 0 - -1191074?
1191074
In base 12, what is -5086 - 60?
-5126
In base 3, what is 212 + 20220?
21202
In base 13, what is 1368 - 2?
1366
In base 4, what is 200322210 + -10?
200322200
In base 4, what is -3 - -1132033110?
1132033101
In base 15, what is a - 1740?
-1735
In base 10, what is -15934 + -136?
-16070
In base 12, what is -306a07 - 4?
-306a0b
In base 9, what is -30 + 31151?
31121
In base 10, what is -42 - 2603?
-2645
In base 9, what is -807 - -3851?
3043
In base 5, what is -2 + 14224221?
14224214
In base 9, what is -474170 + -1?
-474171
In base 11, what is 140a637 - -4?
140a640
In base 6, what is 23 + 5551?
10014
In base 3, what is 1001 + -1212012?
-1211011
In base 15, what is -17 - 12795?
-127ac
In base 13, what is -52 + -35a3?
-3625
In base 5, what is 11 - 1244?
-1233
In base 11, what is -301 + 1542?
1241
In base 3, what is 11 - -1211211202?
1211211220
In base 7, what is -53130 + -66?
-53226
In base 3, what is -2021112110010 + -10?
-2021112110020
In base 16, what is 231911 - 0?
231911
In base 6, what is 4 - 220355?
-220351
In base 14, what is -a + 984?
978
In base 10, what is 272 - 370?
-98
In base 16, what is -119ec + 4?
-119e8
In base 8, what is -224 + 3046?
2622
In base 15, what is 55203 + 4?
55207
In base 11, what is -5 - -6276?
6271
In base 8, what is -24 + 1011?
765
In base 15, what is -139b6 + -2?
-139b8
In base 2, what is 100001 - -1100110011?
1101010100
In base 15, what is 78284 + 2?
78286
In base 13, what is -116b96 + -1?
-116b97
In base 8, what is 1103 - 10?
1073
In base 4, what is -11133301 + 3?
-11133232
In base 5, what is 11211 - -1204?
12420
In base 2, what is 0 - -1000010101100?
1000010101100
In base 11, what is -25 - -909?
894
In base 15, what is 373 - 82?
2e1
In base 13, what is -132 + -b7a?
-cac
In base 15, what is 718 - 48?
6c0
In base 13, what is -89a340 + 2?
-89a33b
In base 9, what is 77 - -545?
633
In base 2, what is 0 + -10010001110100010000?
-10010001110100010000
In base 4, what is -111110323 - 230?
-111111213
In base 3, what is 21112221010 + -11?
21112220222
In base 14, what is 2 + 289?
28b
In base 4, what is -31213 + 103?
-31110
In base 15, what is -10 - -425?
415
In base 13, what is 0 + 4a840?
4a840
In base 7, what is 4 - -2133?
2140
In base 13, what is 23b + -27?
214
In base 5, what is 102311 - 442?
101314
In base 13, what is 90536 - -c?
90545
In base 9, what is -204 - 1608?
-1813
In base 2, what is -100111001011011010 - -11?
-100111001011010111
In base 9, what is 232 + 5121?
5353
In base 11, what is 5538 + -12?
5526
In base 4, what is -102 - -131131?
131023
In base 5, what is -231 - -1042?
311
In base 3, what is -2 - -110201221?
110201212
In base 6, what is 4 - -342532?
342540
In base 8, what is -4472 - 6?
-4500
In base 6, what is 100 + -125101?
-125001
In base 15, what is -57812d + 4?
-578129
In base 15, what is 31 + 60?
91
In base 7, what is 1 - 55212?
-55211
In base 7, what is -330622 + -2?
-330624
In base 2, what is -110000010111 - 1010?
-110000100001
In base 9, what is 8180 + 113?
8303
In base 3, what is 1121 - -112212100?
112220221
In base 8, what is 3 - 1770644?
-1770641
In base 10, what is 943 - 131?
812
In base 5, what is 1142133 + 23?
1142211
In base 7, what is 1303415 + 5?
1303423
In base 10, what is -25 + -1694?
-1719
In base 4, what is -32 + 200011113?
200011021
In base 9, what is 154000 - 1?
153888
In base 16, what is 3 + 31e22?
31e25
In base 8, what is -750506 + -4?
-750512
In base 14, what is 3a06a + -7?
3a063
In base 15, what is 5c + ca?
137
In base 12, what is -2b - 519?
-548
In base 7, what is -141 - 2056?
-2230
In base 4, what is 312 + -23?
223
In base 2, what is 0 - -110001100110000?
110001100110000
In base 13, what is 2a - -2bb7?
2c14
In base 3, what is 10000011001 - 2?
10000010222
In base 16, what is 0 - -1f044?
1f044
In base 13, what is 4c + 729?
778
In base 15, what is 8401 - -1?
8402
In base 14, what is 380 - 388?
-8
In base 9, what is 1264 + -6?
1257
In base 15, what is -c448 - 1?
-c449
In base 2, what is 1010 + 10110111001010010?
10110111001011100
In base 3, what is 112121 - 10001?
102120
In base 3, what is 0 - -11222202112?
11222202112
In base 8, what is 40652 + -47?
40603
In base 10, what is 5 + 782428?
782433
In base 2, what is 1100110000 - -101101010?
10010011010
In base 11, what is 79106 - 3?
79103
In base 2, what is 10011010000011001 + -10?
10011010000010111
In base 4, what is -132133 + 211?
-131322
In base 14, what is -4 + 13a3b?
13a37
In base 3, what is -21111011 + 121220?
-20212021
In base 4, what is 12302120 + -1311?
12300203
In base 2, what is 1010110010110011 + 0?
1010110010110011
In base 16, what is 3 + c3a3e?
c3a41
In base 12, what is 1 + 514549?
51454a
In base 11, what is -4439251 + 5?
-4439247
In base 13, what is 4 - -124040?
124044
In base 10, what is -3655 + 55?
-3600
In base 6, what is 141 + -11412?
-11231
In base 6, what is -1501 - 1250?
-3151
In base 15, what is 4 + -2b14b?
-2b147
In base 10, what is -5 - -12523?
12518
In base 9, what is -133270 + -4?
-133274
In base 11, what is 289 + -48a?
-201
In base 7, what is -1 - -2444445?
2444444
In base 5, what is -404402 - -2403?
-401444
In base 10, what is 0 - 11560?
-11560
In base 15, what is 0 - -502?
502
In base 8, what is -131537 - -1?
-131536
In base 9, what is 2231 + -283?
1837
In base 16, what is -a88 - -4?
-a84
In base 4, what is 1 - -301132330?
301132331
In base 2, what is 11000111 - -110000?
11110111
In base 14, what is -271c - -5?
-2717
In base 8, what is 4 - 1727371?
-1727365
In base 15, what is -5be - -c1?
-4ed
In base 4, what is -1013 + 32322320?
32321301
In base 16, what is 3a67 - 5?
3a62
In base 2, what is 1110111001110111 - -110011?
1110111010101010
In base 4, what is -112123103 - 3?
-112123112
In base 4, what is 303221 - -32?
303313
In base 11, what is -22 + -3013?
-3035
In base 4, what is -203 - -122022?
121213
In base 15, what is 7 + -555?
-54d
In base 13, what is bb114 + 0?
bb114
In base 6, what is 310 - -113340?
114050
In base 4, what is 13301303 - -12?
13301321
In base 5, what is -2400 + -442?
-3342
In base 5, what is -1 + 441114?
441113
In base 3, what is -1202222011 - 202?
-1202222220
In base 14, what is 4249 + 5?
4250
In base 12, what is -5 + 974?
96b
In base 2, what is 10001011100111 + 111